, 1319
What are the prime factors of 364283799?
3, 11, 11038903
What are the prime factors of 959411495?
5, 7, 29, 945233
List the prime factors of 134343352.
2, 11, 13, 43, 2731
List the prime factors of 213990723.
3, 23776747
List the prime factors of 3225546100.
2, 5, 7, 43, 101, 1061
List the prime factors of 680249585.
5, 31, 181, 24247
What are the prime factors of 2920710410?
2, 5, 4793, 60937
What are the prime factors of 95280373?
317, 300569
List the prime factors of 126409486.
2, 7, 809, 11161
List the prime factors of 632197765.
5, 1663, 76031
What are the prime factors of 1701498423?
3, 83, 173, 39499
What are the prime factors of 51013177?
751, 67927
What are the prime factors of 2386526984?
2, 2309, 129197
What are the prime factors of 2759211055?
5, 149, 3703639
What are the prime factors of 257420167?
317, 812051
What are the prime factors of 67479251?
7, 67, 143879
What are the prime factors of 1656193935?
3, 5, 11, 10037539
What are the prime factors of 50816050?
2, 5, 61, 16661
What are the prime factors of 109787951?
7, 13, 1206461
What are the prime factors of 312567668?
2, 7, 31, 7349
What are the prime factors of 2161598274?
2, 3, 11, 317, 34439
What are the prime factors of 1126152927?
3, 125128103
What are the prime factors of 788650919?
7, 112664417
What are the prime factors of 85834458?
2, 3, 971, 1637
List the prime factors of 1740195542.
2, 870097771
List the prime factors of 26333599.
1667, 15797
List the prime factors of 126951928.
2, 757, 20963
What are the prime factors of 257673270?
2, 3, 5, 47, 182747
List the prime factors of 129791937.
3, 11, 41, 95929
List the prime factors of 159646524.
2, 3, 17, 782581
List the prime factors of 144949543.
163, 889261
What are the prime factors of 2505542?
2, 13, 29, 3323
What are the prime factors of 254988056?
2, 19, 191, 8783
What are the prime factors of 28034888?
2, 7, 79, 6337
List the prime factors of 337010778.
2, 3, 13, 73, 109, 181
What are the prime factors of 340707139?
293, 797, 1459
List the prime factors of 2610606162.
2, 3, 31, 14035517
What are the prime factors of 101762682?
2, 3, 7, 29, 43, 67
List the prime factors of 106544531.
106544531
List the prime factors of 102216219.
3, 7, 19, 256181
What are the prime factors of 1179336162?
2, 3, 31, 1987, 3191
List the prime factors of 37089114.
2, 3, 97, 63727
What are the prime factors of 123973701?
3, 367, 112601
What are the prime factors of 1962729872?
2, 59, 2079163
List the prime factors of 184626849.
3, 11, 5594753
List the prime factors of 1427486936.
2, 37, 4822591
What are the prime factors of 199916038?
2, 7, 743, 19219
What are the prime factors of 240845784?
2, 3, 10035241
What are the prime factors of 3956721735?
3, 5, 31, 8509079
What are the prime factors of 54422999?
54422999
What are the prime factors of 3858861732?
2, 3, 11, 29233801
List the prime factors of 1188436693.
1188436693
What are the prime factors of 158143859?
19, 79, 105359
What are the prime factors of 129071464?
2, 79, 331, 617
What are the prime factors of 9332547?
3, 7, 37, 12011
What are the prime factors of 366154672?
2, 13, 1760359
What are the prime factors of 66902067?
3, 83, 89561
List the prime factors of 110944465.
5, 17, 1305229
List the prime factors of 581799660.
2, 3, 5, 13, 107, 6971
What are the prime factors of 98237301?
3, 23, 59, 409
What are the prime factors of 164027867?
2833, 57899
What are the prime factors of 2559843901?
17, 4007, 37579
List the prime factors of 615401377.
17, 347, 104323
List the prime factors of 66159788.
2, 29, 71, 277
What are the prime factors of 180893462?
2, 179, 439, 1151
List the prime factors of 2814443719.
2814443719
What are the prime factors of 27856900?
2, 5, 47, 5927
What are the prime factors of 236639984?
2, 7, 19, 61, 1823
What are the prime factors of 2614048564?
2, 11131, 58711
List the prime factors of 811845404.
2, 17, 173, 69011
List the prime factors of 2431627893.
3, 3259, 82903
List the prime factors of 774627028.
2, 7, 23, 1202837
List the prime factors of 881355712.
2, 13771183
What are the prime factors of 12772025?
5, 7, 59, 1237
What are the prime factors of 122271792?
2, 3, 223, 11423
List the prime factors of 6717495644.
2, 23, 983, 74279
What are the prime factors of 174041048?
2, 1031, 21101
What are the prime factors of 1131067993?
11, 101, 281, 3623
What are the prime factors of 207025366?
2, 523, 197921
List the prime factors of 149876766.
2, 3, 13, 640499
List the prime factors of 30420074.
2, 15210037
List the prime factors of 17973210.
2, 3, 5, 617, 971
List the prime factors of 83995251.
3, 47, 595711
What are the prime factors of 15883833?
3, 7, 756373
What are the prime factors of 44862658?
2, 22431329
List the prime factors of 1879858664.
2, 67, 3507199
List the prime factors of 201773391.
3, 17, 1301, 3041
List the prime factors of 1721884692.
2, 3, 11, 1185871
What are the prime factors of 557712434?
2, 19, 47, 312269
List the prime factors of 196537453.
7, 127, 221077
What are the prime factors of 746190111?
3, 1789, 139033
List the prime factors of 132969960.
2, 3, 5, 369361
List the prime factors of 67575873.
3, 3011, 7481
List the prime factors of 21332269.
7, 19, 107, 1499
What are the prime factors of 721057957?
721057957
List the prime factors of 367702845.
3, 5, 929, 26387
What are the prime factors of 3517965447?
3, 59, 241, 82471
List the prime factors of 2185249498.
2, 1129, 967781
List the prime factors of 2758730.
2, 5, 13, 21221
What are the prime factors of 326413233?
3, 4029793
List the prime factors of 1270498.
2, 635249
List the prime factors of 51019075.
5, 127, 16069
What are the prime factors of 23005946?
2, 43, 267511
List the prime factors of 7644108383.
181, 42232643
List the prime factors of 546829412.
2, 17, 8041609
What are the prime factors of 23598281?
7, 3371183
List the prime factors of 64030255.
5, 1031, 12421
What are the prime factors of 41914218?
2, 3, 41, 170383
List the prime factors of 178697534.
2, 23, 3884729
List the prime factors of 73902692.
2, 59, 313147
What are the prime factors of 933860563?
933860563
What are the prime factors of 144823253?
103, 1406051
What are the prime factors of 239159080?
2, 5, 19, 109, 2887
List the prime factors of 204957480.
2, 3, 5, 7, 13, 137
List the prime factors of 128241619.
11, 101, 115429
What are the prime factors of 750650922?
2, 3, 7, 1985849
What are the prime factors of 1657566042?
2, 3, 11, 19, 1321823
What are the prime factors of 6097024489?
61027, 99907
List the prime factors of 64867805.
5, 19, 682819
List the prime factors of 1493971155.
3, 5, 53, 59, 3539
List the prime factors of 5584873590.
2, 3, 5, 20684717
What are the prime factors of 256537830?
2, 3, 5, 191, 44771
List the prime factors of 746859169.
7, 106694167
What are the prime factors of 537763530?
2, 3, 5, 29, 618119
What are the prime factors of 10811026?
2, 29, 186397
What are the prime factors of 837006822?
2, 3, 37, 587, 2141
List the prime factors of 7903452.
2, 3, 101, 6521
List the prime factors of 589862172.
2, 3, 31, 151, 10501
List the prime factors of 381187768.
2, 13, 3665267
List the prime factors of 209647328.
2, 11, 37, 16097
List the prime factors of 22311607.
101, 220907
List the prime factors of 21687159.
3, 13, 79, 7039
List the prime factors of 785435507.
29, 27083983
List the prime factors of 213533001.
3, 11, 19, 61, 1861
What are the prime factors of 32903294?
2, 23, 715289
What are the prime factors of 68761977?
3, 3943, 5813
List the prime factors of 1319496425.
5, 13, 277, 14657
List the prime factors of 3218753787.
3, 1072917929
List the prime factors of 170792560.
2, 5, 43, 131, 379
What are the prime factors of 293652315?
3, 5, 11, 19, 31223
What are the prime factors of 2670734?
2, 11, 17, 37, 193
What are the prime factors of 10161786?
2, 3, 1693631
What are the prime factors of 3389216612?
2, 23, 36839311
What are the prime factors of 20772136?
2, 7, 11, 33721
List the prime factors of 214377728.
2, 837413
What are the prime factors of 390092382?
2, 3, 19, 380207
List the prime factors of 394311730.
2, 5, 3461, 11393
List the prime factors of 120997788.
2, 3, 1459, 6911
What are the prime factors of 188897132?
2, 17, 383, 7253
What are the prime 